064 and 483.
483
Calculate the highest common factor of 369 and 205218.
9
What is the greatest common factor of 342 and 1488?
6
Calculate the highest common factor of 1550 and 34050.
50
Calculate the greatest common divisor of 61 and 75.
1
What is the highest common factor of 112330 and 22705?
1195
Calculate the greatest common divisor of 105368 and 12.
4
What is the greatest common divisor of 6120 and 2232?
72
What is the greatest common factor of 788771 and 58?
29
What is the highest common divisor of 2464579 and 13?
13
What is the highest common factor of 1106 and 4438?
14
What is the highest common divisor of 736 and 106768?
16
What is the greatest common divisor of 252 and 10728?
36
Calculate the greatest common divisor of 153 and 3843.
9
Calculate the highest common divisor of 7840 and 50.
10
Calculate the greatest common factor of 24 and 6999.
3
Calculate the highest common factor of 82104 and 96.
24
Calculate the greatest common factor of 22223 and 284.
71
Calculate the greatest common divisor of 78619 and 696.
29
Calculate the greatest common divisor of 44037 and 18.
9
What is the greatest common divisor of 42828 and 20812?
172
What is the highest common divisor of 22771 and 119?
7
What is the greatest common divisor of 165 and 60423?
33
What is the highest common divisor of 292725 and 225?
225
What is the highest common factor of 378 and 102564?
126
Calculate the highest common factor of 6512 and 77737.
407
Calculate the highest common factor of 55 and 56804.
11
Calculate the highest common factor of 645385 and 65.
65
Calculate the greatest common divisor of 16 and 196432.
16
What is the greatest common factor of 90515 and 229445?
2105
Calculate the highest common factor of 54 and 297342.
18
What is the greatest common factor of 56 and 105112?
56
Calculate the greatest common factor of 32 and 2536.
8
Calculate the highest common factor of 23740 and 60.
20
What is the greatest common factor of 19 and 6994337?
19
Calculate the highest common divisor of 278621 and 265.
53
Calculate the greatest common divisor of 247 and 35269.
13
Calculate the greatest common divisor of 228 and 296628.
228
What is the greatest common divisor of 11095 and 2695?
35
Calculate the highest common divisor of 21 and 191303.
7
What is the highest common factor of 61976 and 4392?
488
Calculate the highest common factor of 44863 and 30044.
203
Calculate the greatest common factor of 1380646 and 2.
2
What is the greatest common factor of 319 and 4114?
11
Calculate the highest common divisor of 532 and 56.
28
What is the highest common factor of 228 and 2206356?
228
What is the highest common factor of 17214 and 2280?
114
What is the highest common factor of 352 and 2827?
11
What is the greatest common factor of 52624 and 1287?
143
Calculate the highest common divisor of 104784 and 8024.
472
Calculate the greatest common factor of 565 and 3140.
5
Calculate the highest common divisor of 10907 and 39.
13
Calculate the highest common divisor of 72 and 184104.
72
Calculate the greatest common divisor of 77363 and 14607.
541
What is the greatest common factor of 96 and 2352?
48
What is the greatest common factor of 139045 and 5?
5
Calculate the highest common divisor of 8232 and 168.
168
Calculate the highest common divisor of 17 and 364633.
17
What is the greatest common factor of 221 and 33722?
13
What is the highest common factor of 87 and 166605?
87
Calculate the greatest common divisor of 461425 and 25.
25
What is the greatest common factor of 398782 and 86?
86
Calculate the highest common factor of 126 and 4716.
18
Calculate the highest common divisor of 32 and 58736.
16
What is the greatest common divisor of 2006 and 3638?
34
What is the greatest common factor of 168 and 153858?
6
Calculate the highest common factor of 1992557 and 14.
7
Calculate the highest common divisor of 48 and 10125.
3
Calculate the greatest common factor of 837 and 1944.
27
What is the highest common factor of 1862 and 967309?
931
What is the greatest common factor of 11661 and 4485?
897
Calculate the highest common divisor of 439408 and 3016.
232
What is the highest common factor of 2464 and 3366?
22
Calculate the highest common factor of 1116 and 684.
36
Calculate the highest common factor of 235764 and 592.
148
Calculate the greatest common divisor of 847 and 61369.
77
What is the highest common divisor of 25408 and 2384?
16
What is the highest common factor of 360 and 9?
9
Calculate the highest common divisor of 20916 and 108.
36
Calculate the highest common divisor of 25 and 25775.
25
What is the greatest common divisor of 16 and 58576?
16
Calculate the highest common divisor of 1570 and 159826.
314
What is the greatest common factor of 297 and 7601?
11
Calculate the greatest common divisor of 1394 and 12444.
34
What is the highest common factor of 24718 and 442?
34
What is the highest common factor of 45 and 91647?
9
Calculate the highest common factor of 1380 and 115575.
345
What is the highest common divisor of 8050 and 4354?
14
Calculate the highest common factor of 12 and 87459.
3
What is the highest common factor of 17612 and 132608?
1036
What is the greatest common divisor of 5352 and 1256?
8
What is the highest common factor of 1910 and 202?
2
Calculate the highest common divisor of 1836350 and 950.
950
Calculate the highest common divisor of 31101 and 21.
21
Calculate the highest common factor of 16 and 2442200.
8
What is the greatest common factor of 1082340 and 1260?
1260
What is the greatest common divisor of 2 and 33806?
2
What is the highest common factor of 3960 and 41760?
360
Calculate the greatest common factor of 188745 and 15.
15
Calculate the highest common factor of 52200 and 320.
40
What is the highest common divisor of 339181 and 575?
23
Calculate the highest common divisor of 259 and 5733.
7
What is the greatest common divisor of 476 and 2952152?
476
Calculate the highest common divisor of 116568 and 636.
12
What is the highest common divisor of 1352 and 37072?
8
What is the highest common factor of 7 and 111209?
7
Calculate the greatest common factor of 1545 and 2369.
103
Calculate the highest common divisor of 94 and 120038.
94
Calculate the greatest common factor of 7320 and 120597.
183
Calculate the greatest common factor of 66384 and 1200.
48
Calculate the greatest common divisor of 228 and 789108.
228
Calculate the highest common factor of 2555 and 4480.
35
Calculate the highest common divisor of 2424 and 505.
101
Calculate the greatest common factor of 796 and 548.
4
What is the greatest common divisor of 70 and 44170?
70
Calculate the greatest common divisor of 2752 and 9536.
64
What is the greatest common divisor of 344799 and 99?
9
What is the greatest common factor of 1374 and 87478?
458
What is the greatest common divisor of 261793 and 16688?
1043
Calculate the highest common divisor of 654 and 220180.
218
What is the highest common divisor of 4980 and 1440?
60
What is the highest common divisor of 32 and 23172?
4
What is the greatest common factor of 11826 and 324?
162
What is the greatest common divisor of 1190 and 49868?
14
What is the greatest common factor of 1651 and 2032?
127
Calculate the greatest common factor of 3331899 and 2151.
2151
What is the highest common divisor of 159 and 1626252?
159
Calculate the highest common divisor of 656154 and 27.
27
Calculate the highest common divisor of 35028 and 20160.
252
Calculate the highest common factor of 95767 and 91.
7
What is the highest common factor of 52152 and 477?
159
Calculate the highest common divisor of 818 and 18.
2
What is the greatest common factor of 39 and 5103?
3
What is the highest common factor of 7392 and 165?
33
What is the greatest common factor of 501 and 1059?
3
Calculate the highest common divisor of 1047 and 20591.
349
Calculate the highest common factor of 152 and 85272.
152
Calculate the greatest common factor of 3743 and 19.
19
What is the greatest common divisor of 330 and 192?
6
Calculate the greatest common divisor of 298026 and 54.
54
What is the highest common divisor of 298569 and 24?
3
What is the greatest common divisor of 805 and 667?
23
What is the highest common factor of 9 and 7401?
3
Calculate the highest common factor of 6531 and 1084457.
311
What i